at is the highest common divisor of 111 and 3?
3
What is the highest common divisor of 38045 and 7?
7
Calculate the highest common factor of 2623 and 427.
61
What is the highest common divisor of 168 and 21?
21
Calculate the highest common divisor of 3664 and 112.
16
Calculate the greatest common divisor of 9 and 18.
9
What is the greatest common divisor of 240 and 112?
16
Calculate the highest common divisor of 98 and 343.
49
Calculate the highest common factor of 3830 and 10.
10
Calculate the greatest common factor of 130 and 5690.
10
Calculate the greatest common factor of 146 and 949.
73
Calculate the highest common divisor of 238 and 544.
34
What is the greatest common factor of 17403 and 3?
3
Calculate the greatest common divisor of 59 and 1534.
59
What is the greatest common divisor of 27775 and 550?
275
What is the highest common factor of 686 and 14?
14
Calculate the greatest common factor of 48 and 432.
48
Calculate the greatest common divisor of 31 and 13.
1
Calculate the greatest common factor of 2464 and 574.
14
Calculate the highest common divisor of 2747 and 67.
67
What is the highest common factor of 651 and 1209?
93
Calculate the greatest common divisor of 6 and 21.
3
Calculate the greatest common factor of 36 and 450.
18
Calculate the highest common factor of 5187 and 169.
13
Calculate the highest common factor of 1 and 11.
1
Calculate the greatest common factor of 704 and 576.
64
What is the greatest common factor of 100 and 80?
20
Calculate the highest common divisor of 3723 and 561.
51
What is the greatest common factor of 493 and 85?
17
What is the greatest common divisor of 345 and 15?
15
What is the highest common divisor of 14 and 1757?
7
What is the greatest common factor of 4311 and 6227?
479
What is the highest common factor of 374 and 19261?
187
What is the greatest common divisor of 984 and 902?
82
Calculate the greatest common factor of 110 and 330.
110
What is the highest common divisor of 8029 and 21?
7
What is the greatest common divisor of 418 and 304?
38
What is the highest common divisor of 1323 and 14?
7
What is the highest common factor of 6735 and 15?
15
Calculate the highest common factor of 55 and 44.
11
What is the highest common divisor of 130 and 10?
10
What is the greatest common divisor of 60 and 660?
60
Calculate the highest common factor of 58 and 754.
58
What is the highest common factor of 180 and 108?
36
What is the highest common factor of 54 and 7875?
9
Calculate the greatest common factor of 90 and 170.
10
What is the highest common divisor of 18003 and 51?
51
Calculate the greatest common factor of 442 and 272.
34
What is the highest common factor of 186 and 42?
6
What is the highest common divisor of 10 and 2545?
5
What is the greatest common divisor of 7896 and 56?
56
Calculate the highest common divisor of 775 and 31.
31
Calculate the greatest common divisor of 11 and 869.
11
What is the highest common factor of 60 and 705?
15
What is the greatest common factor of 81 and 108?
27
What is the greatest common divisor of 35 and 56?
7
What is the highest common divisor of 1312 and 41?
41
Calculate the highest common divisor of 8 and 232.
8
What is the greatest common divisor of 297 and 253?
11
Calculate the highest common divisor of 67 and 469.
67
Calculate the greatest common divisor of 323 and 374.
17
What is the greatest common factor of 2173 and 106?
53
Calculate the highest common factor of 474 and 12.
6
Calculate the highest common factor of 25 and 1500.
25
Calculate the greatest common divisor of 117 and 27.
9
Calculate the highest common divisor of 117 and 1313.
13
What is the greatest common divisor of 1704 and 132?
12
Calculate the greatest common factor of 2022 and 6.
6
Calculate the greatest common divisor of 35 and 205.
5
Calculate the highest common factor of 560 and 336.
112
What is the greatest common divisor of 120 and 440?
40
What is the greatest common divisor of 185 and 148?
37
What is the greatest common factor of 87 and 116?
29
What is the greatest common factor of 1632 and 144?
48
Calculate the greatest common factor of 120 and 105.
15
What is the highest common divisor of 12 and 264?
12
What is the greatest common factor of 195 and 78?
39
Calculate the greatest common factor of 868 and 224.
28
Calculate the greatest common factor of 6 and 33.
3
Calculate the highest common divisor of 136 and 578.
34
Calculate the highest common factor of 192 and 36.
12
What is the greatest common factor of 290 and 10?
10
Calculate the highest common factor of 13 and 52.
13
What is the highest common factor of 64 and 2192?
16
Calculate the highest common factor of 768 and 72.
24
What is the highest common factor of 324 and 60?
12
Calculate the highest common factor of 44 and 506.
22
Calculate the highest common factor of 182 and 56.
14
Calculate the greatest common divisor of 16 and 2224.
16
Calculate the highest common factor of 1334 and 138.
46
What is the greatest common divisor of 20216 and 56?
56
Calculate the highest common divisor of 3171 and 84.
21
Calculate the greatest common divisor of 413 and 177.
59
Calculate the highest common factor of 396 and 36.
36
Calculate the highest common divisor of 6 and 375.
3
Calculate the highest common factor of 96 and 7072.
32
What is the highest common divisor of 108 and 4?
4
What is the highest common divisor of 1010 and 45955?
505
Calculate the greatest common factor of 342 and 8322.
114
What is the greatest common factor of 17 and 17?
17
What is the greatest common factor of 1950 and 60?
30
What is the highest common divisor of 39 and 572?
13
Calculate the highest common divisor of 6419 and 14.
7
What is the highest common factor of 157 and 7?
1
What is the greatest common factor of 3 and 7?
1
Calculate the highest common factor of 54 and 18.
18
What is the greatest common factor of 18 and 99?
9
What is the highest common factor of 233 and 1?
1
Calculate the greatest common divisor of 47 and 3196.
47
Calculate the highest common factor of 12 and 147948.
12
Calculate the highest common factor of 1929 and 12.
3
What is the greatest common divisor of 1869 and 21?
21
What is the greatest common factor of 33 and 57?
3
Calculate the greatest common divisor of 103 and 27089.
103
What is the highest common divisor of 7153 and 92?
23
Calculate the greatest common factor of 100 and 352.
4
What is the highest common factor of 738 and 4?
2
Calculate the highest common divisor of 72 and 64.
8
Calculate the highest common divisor of 650 and 25.
25
What is the highest common divisor of 4655 and 19?
19
Calculate the greatest common divisor of 363 and 3.
3
What is the greatest common factor of 5 and 835?
5
Calculate the highest common factor of 49 and 175.
7
Calculate the highest common divisor of 6 and 15300.
6
What is the highest common factor of 318 and 477?
159
Calculate the greatest common factor of 282 and 6.
6
Calculate the greatest common factor of 132 and 33.
33
What is the highest common divisor of 2304 and 18?
18
What is the highest common factor of 62 and 217?
31
What is the greatest common factor of 427 and 49?
7
Calculate the greatest common divisor of 4819 and 122.
61
What is the highest common factor of 12732 and 12?
12
Calculate the greatest common divisor of 9119 and 44.
11
What is the greatest common factor of 231 and 7?
7
Calculate the highest common factor of 915 and 45.
15
What is the greatest common factor of 20847 and 3?
3
What is the greatest common divisor of 309 and 3?
3
Calculate the greatest common divisor of 546 and 217.
7
Calculate the highest common factor of 28 and 20.
4
Calculate the greatest common factor of 22 and 187.
11
What is the greatest common factor of 79 and 1?
1
Calculate the highest common factor of 25593 and 285.
57
Calculate the greatest common divisor of 54 and 1440.
18
What is the highest common factor of 2656 and 496?
16
What is the highest common divisor of 9 and 144?
9
Calculate the highest common divisor of 1 and 2.
1
Calculate the highest common divisor of 52 and 672.
4
Calculate the highest common factor of 9 and 57.
3
What is the greatest common divisor of 15 and 12?
3
Calculate the greatest common factor of 868 and 186.
62
Calculate the greatest common factor of 5334 and 24.
6
What is the hi